rime factors of 182515649.
23, 7935463
What are the prime factors of 46472989?
47, 107, 9241
What are the prime factors of 77935791?
3, 79, 149, 2207
List the prime factors of 123662428.
2, 131, 235997
What are the prime factors of 2505790483?
7, 357970069
List the prime factors of 64723309.
7, 521, 17747
What are the prime factors of 54418215?
3, 5, 73, 49697
What are the prime factors of 104564492?
2, 61, 101, 4243
What are the prime factors of 760959225?
3, 5, 13, 86719
What are the prime factors of 2500361849?
2500361849
What are the prime factors of 110465059?
31, 3563389
What are the prime factors of 2581355967?
3, 67, 12842567
List the prime factors of 1058264425.
5, 1009, 41953
List the prime factors of 38435540.
2, 5, 11, 13, 89, 151
List the prime factors of 30337344.
2, 3, 31, 1699
List the prime factors of 6289820750.
2, 5, 25159283
What are the prime factors of 118081673?
118081673
List the prime factors of 64628622.
2, 3, 271, 13249
List the prime factors of 974587404.
2, 3, 7, 11602231
What are the prime factors of 3042668055?
3, 5, 7, 59, 491149
What are the prime factors of 47447650?
2, 5, 139, 6827
What are the prime factors of 2610433239?
3, 870144413
What are the prime factors of 319525408?
2, 9985169
What are the prime factors of 3896681333?
17, 229216549
What are the prime factors of 2426502515?
5, 1657, 292879
List the prime factors of 1248571456.
2, 11, 53, 109, 307
List the prime factors of 2954183832.
2, 3, 29, 67, 7039
What are the prime factors of 48407488?
2, 193, 3919
What are the prime factors of 92648146?
2, 46324073
List the prime factors of 130192958.
2, 7, 41, 226817
What are the prime factors of 15628087?
103, 151729
What are the prime factors of 16996788?
2, 3, 472133
What are the prime factors of 102188416?
2, 11, 72577
What are the prime factors of 623090590?
2, 5, 62309059
What are the prime factors of 32037977?
2719, 11783
List the prime factors of 199070665.
5, 2917, 13649
List the prime factors of 53079582.
2, 3, 211, 41927
What are the prime factors of 1709692818?
2, 3, 37, 7701319
List the prime factors of 254513702.
2, 19, 2029, 3301
What are the prime factors of 72472232?
2, 7, 19, 68113
What are the prime factors of 1096386485?
5, 2293, 95629
List the prime factors of 2483271094.
2, 1241635547
List the prime factors of 1032624.
2, 3, 71, 101
What are the prime factors of 1428601?
1428601
List the prime factors of 3569681627.
23, 155203549
List the prime factors of 29602053.
3, 13, 503
What are the prime factors of 7355566?
2, 3677783
List the prime factors of 95327338.
2, 331, 143999
What are the prime factors of 36133483?
17, 23, 92413
List the prime factors of 538851872.
2, 13, 1295317
List the prime factors of 88338423.
3, 23, 1280267
List the prime factors of 1593611146.
2, 796805573
What are the prime factors of 21274182?
2, 3, 137, 8627
List the prime factors of 45670977.
3, 11, 461323
List the prime factors of 72562499.
97, 109, 6863
What are the prime factors of 439377852?
2, 3, 17, 2153813
List the prime factors of 745360883.
191, 479, 8147
List the prime factors of 5692591624.
2, 1667, 426859
What are the prime factors of 10257656?
2, 47, 27281
List the prime factors of 324371461.
23, 1597, 8831
What are the prime factors of 879186415?
5, 37, 4752359
List the prime factors of 433553232.
2, 3, 7, 139, 9283
List the prime factors of 478729661.
478729661
List the prime factors of 553203344.
2, 73, 473633
List the prime factors of 54204960.
2, 3, 5, 112927
What are the prime factors of 265344691?
691, 384001
List the prime factors of 73643074.
2, 163, 223, 1013
List the prime factors of 536721247.
47, 601, 19001
List the prime factors of 4949540119.
131, 37782749
What are the prime factors of 142154733?
3, 7, 79, 12241
What are the prime factors of 77521338?
2, 3, 101, 42641
List the prime factors of 496043369.
23, 31, 89, 7817
List the prime factors of 19078560.
2, 3, 5, 13249
List the prime factors of 1010930041.
11, 17, 5406043
List the prime factors of 4991487.
3, 53, 31393
What are the prime factors of 895211374?
2, 37, 12097451
List the prime factors of 255998468.
2, 11, 739, 7873
What are the prime factors of 111415493?
7, 15916499
List the prime factors of 400203011.
13, 30784847
What are the prime factors of 2279888232?
2, 3, 94995343
List the prime factors of 20361773.
2693, 7561
What are the prime factors of 31475166?
2, 3, 5245861
List the prime factors of 182538032.
2, 79, 144413
List the prime factors of 19374067.
17, 509, 2239
List the prime factors of 1250699545.
5, 250139909
List the prime factors of 1272363745.
5, 254472749
List the prime factors of 573087398.
2, 13, 22041823
What are the prime factors of 467905635?
3, 5, 10397903
What are the prime factors of 115208685?
3, 5, 19, 127, 1061
List the prime factors of 41835439.
41835439
What are the prime factors of 3076944633?
3, 7, 1049, 46559
List the prime factors of 53288883.
3, 359, 16493
List the prime factors of 34668469.
11, 47, 67057
What are the prime factors of 843814593?
3, 23, 173, 23563
List the prime factors of 603009327.
3, 19, 97, 109063
What are the prime factors of 2013908955?
3, 5, 31, 4330987
List the prime factors of 830904554.
2, 415452277
List the prime factors of 685862357.
127, 419, 12889
List the prime factors of 303777876.
2, 3, 25314823
What are the prime factors of 7121857?
2053, 3469
What are the prime factors of 4330422964?
2, 7, 1489, 103867
What are the prime factors of 1107544563?
3, 41020169
What are the prime factors of 87727336?
2, 23, 59, 8081
What are the prime factors of 704640220?
2, 5, 35232011
What are the prime factors of 82203769?
82203769
List the prime factors of 1917946432.
2, 151, 198463
What are the prime factors of 933228048?
2, 3, 19442251
What are the prime factors of 1555685655?
3, 5, 239, 433943
List the prime factors of 104212586.
2, 23, 367, 6173
List the prime factors of 409480207.
17, 24087071
List the prime factors of 223825378.
2, 7, 15987527
What are the prime factors of 166457194?
2, 83228597
List the prime factors of 4702841388.
2, 3, 7, 1459, 12791
What are the prime factors of 72345777?
3, 7, 263, 13099
What are the prime factors of 6079697274?
2, 3, 7, 144754697
List the prime factors of 35099186.
2, 17, 1032329
What are the prime factors of 88293122?
2, 2801, 15761
What are the prime factors of 38687271?
3, 7, 1842251
What are the prime factors of 853021618?
2, 79, 2063, 2617
List the prime factors of 303136436.
2, 2161, 35069
List the prime factors of 128008451.
128008451
What are the prime factors of 5007371678?
2, 2503685839
List the prime factors of 85462182.
2, 3, 13, 53, 2297
What are the prime factors of 252163685?
5, 5297, 9521
List the prime factors of 425047592.
2, 101, 526049
What are the prime factors of 84731807?
113, 277, 2707
What are the prime factors of 1941920923?
167, 2729, 4261
What are the prime factors of 1027714139?
31, 67, 479, 1033
What are the prime factors of 307632239?
1171, 262709
What are the prime factors of 114862494?
2, 3, 19143749
List the prime factors of 46791031.
7, 136417
What are the prime factors of 652784688?
2, 3, 73, 62099
What are the prime factors of 3029602704?
2, 3, 47, 1342909
List the prime factors of 14958462.
2, 3, 2493077
What are the prime factors of 324433889?
13, 281, 88813
What are the prime factors of 15101284?
2, 11, 41, 761
What are the prime factors of 257200582?
2, 17, 23, 328901
What are the prime factors of 314194961?
29, 271, 39979
List the prime factors of 637294289.
139, 4584851
List the prime factors of 708437913.
3, 131, 1802641
What are the prime factors of 117936485?
5, 61, 386677
What are the prime factors of 707485596?
2, 3, 19, 31, 199, 503
What are the prime factors of 134738792?
2, 41, 410789
List the prime factors of 820828987.
11, 4547, 16411
What are the prime factors of 463306317?
3, 19, 419, 1021
What are the prime factors of 1200985749?
3, 133442861
List the prime factors of 688249946.
2, 61, 5641393
What are the prime factors of 137762435?
5, 193, 142759
List the prime factors of 12955408.
2, 223, 3631
List the prime factors of 81199781.
13, 43, 145259
What are the prime factors of 338134119?
3, 112711373
List the prime factors of 12040133.
7, 29, 37, 229
What are the pr